 - (4 - 2). Suppose -161 = -5*k + 3*x, -5*k = -0*k - x - i. What is the greatest common factor of k and w?
17
Suppose 5*l - 138 = 3*n, -4*l + 0*n - n = -107. Calculate the highest common factor of 189 and l.
27
Let u be 8 + (9/(-3) - 1). Suppose 0 = -u*m + 3*m, 5*m - 50 = -5*r. What is the highest common factor of r and 110?
10
Let f be 0 - 9/(-3) - 12. Let h be (14/(-3))/(6/f). Suppose -193 = -3*i - 0*j + 5*j, j = -5. What is the greatest common factor of h and i?
7
Let c(a) = 4*a**2 + 9. Let s be c(-3). Calculate the highest common factor of s and 35.
5
Suppose 4*b = -0*u - 5*u + 205, 4*b - 197 = 3*u. Calculate the greatest common divisor of b and 400.
50
Let f be 93/(-2)*(5/(-3) + 1). Suppose -5*u = 4*a - 1131, -2*a = -3*a - 3*u + 288. Calculate the highest common factor of f and a.
31
Let z(v) = -3*v + 9. Let i be 21/(-1)*(14/7 + -1). Let d be z(i). Calculate the highest common factor of d and 18.
18
Suppose 2129 = 2*h - 5*a + 4*a, h - 3*a - 1062 = 0. Calculate the greatest common factor of 15 and h.
15
Let c be (-68)/(-3)*51/68. Let p = 264 + -111. Calculate the highest common factor of c and p.
17
Let m = 28 - 28. Suppose 2*t + 2*j - 108 + 26 = m, 229 = 5*t - j. Calculate the greatest common divisor of 15 and t.
15
Let c(b) be the first derivative of b**4/4 + 3*b**3 + 2*b**2 + 8*b + 3. Let u be c(-8). Calculate the greatest common divisor of u and 5.
5
Let u = -23 - -33. Suppose h + u = 4. Let g = h - -16. Calculate the highest common factor of 30 and g.
10
Let y(u) = -38*u - 24. Let s be y(6). Let m be s/(-20) - -7 - 2/(-5). What is the greatest common factor of m and 5?
5
Let s = 24 + -20. Let v(o) = 2*o**2 - 4*o. Let r be v(3). What is the highest common factor of s and r?
2
Suppose -4*u + 2*u = 0. Suppose 4*v - 4*l - 184 = 0, 5*v + 5*l - 250 = -u*l. What is the highest common divisor of v and 48?
48
Suppose -1331*w + 4 = -1329*w. What is the highest common factor of 50 and w?
2
Let z(i) = i**2 - 11*i + 9. Let x be z(14). Suppose 4*r - 21 - x = 0. Calculate the highest common factor of r and 54.
18
Let j = -9 + 33. What is the greatest common divisor of 16 and j?
8
Let i(y) = 10*y**2 - 2*y + 1. Let a be i(1). Let d(h) = 16*h + 454. Let z be d(-28). Calculate the highest common divisor of z and a.
3
Suppose -4*c = -4*y, 2*y + c + 9 = -0. Let j be (-14)/1*(-33)/(y + 6). Calculate the greatest common divisor of j and 14.
14
Suppose 0*f + 3*f - g - 22 = 0, 6 = 2*f - 5*g. Let z be (1 - 5 - -4)/(-1). Let l = z - -32. What is the greatest common factor of l and f?
8
Let d(j) = 4*j**2 - j - 1. Let r be d(-1). Let y = 1 - r. Let c be (2 + -22)*(1 + y). What is the greatest common divisor of c and 10?
10
Suppose -74 = 2*q - 94. Calculate the highest common divisor of q and 62.
2
Suppose -x - 3*x = -3*s - 21, -12 = 4*s. What is the greatest common divisor of x and 14?
1
Let m = 7 + -10. Let p be 4 - (-4 - 3) - m. Calculate the highest common divisor of p and 35.
7
Let g be -10*(90/4)/(-5). Suppose 5*y - 80 = y. Let j = y - 5. Calculate the highest common divisor of j and g.
15
Let i(m) be the second derivative of 2*m**5/5 - m**4/12 + m**3/6 + m**2/2 - 5*m. Let z be i(2). Let o = -2 + 9. Calculate the highest common divisor of z and o.
7
Let l = 1169 + -1091. What is the highest common divisor of l and 104?
26
Let w = -126 + 189. Suppose 16 = -4*b - 24. Let d = b + 17. What is the greatest common factor of d and w?
7
Suppose -16*m = 32 - 1120. What is the highest common factor of m and 17?
17
Let r = -4 - -15. Suppose -5*o + 5*a - 7 = -2, 0 = -5*a + 5. Let j = o + r. What is the highest common divisor of j and 22?
11
Suppose 7*v - 8*v + 32 = -3*d, 2*v = 4*d + 56. What is the highest common divisor of 740 and v?
20
Suppose 5*y = 2*j - 5*j + 88, 3*y - 57 = -2*j. Let t = -4091 - -4105. What is the greatest common divisor of t and j?
7
Suppose 2*f + 46 = -26. Let z = -15 - f. Let m be 1 - 3 - (6 - z). What is the highest common divisor of 13 and m?
13
Suppose 6*r = -19*r + 500. Calculate the greatest common factor of r and 60.
20
Let h = 1573 + -1544. What is the greatest common factor of h and 87?
29
Let s(k) = k**3 - 12*k**2 - 25*k + 15. Let h be s(14). Calculate the highest common factor of 285 and h.
57
Let q be 609 + -8 + (-7)/(-1). What is the highest common factor of q and 76?
76
Let m(u) = -u**3 - 10*u**2 + 10*u + 21. Let p be m(-11). What is the greatest common divisor of 1520 and p?
16
Let r = -116 + 132. Calculate the greatest common divisor of r and 1.
1
Let p(d) = -d**3 - d - 1. Let v be p(-1). Suppose 50*c - 51 - 99 = 0. What is the highest common factor of v and c?
1
Let b = 1 - 2. Let h be b/(-4) + (-175)/(-20). Suppose -i - 20 - 18 = -4*f, 3*i + 24 = 2*f. What is the greatest common divisor of h and f?
9
Let f(p) = 27*p**3 + p**2 - 10*p + 10. Let v be f(1). What is the highest common divisor of v and 14?
14
Suppose -3*i + 3 = d - 11, -3*i + 10 = 2*d. Let g(o) = -4*o - 3*o + 66 + 6*o + 2*o. Let p be g(0). What is the greatest common divisor of p and i?
6
Suppose k + 4*k = 100. Let a be 10/3*36/12. What is the greatest common divisor of k and a?
10
Let o(r) = 382*r + 3. Let b be o(1). Suppose b = 8*m - 127. What is the greatest common factor of 160 and m?
32
Suppose 0 = -4*t + 12, 4*o = -0*t + 2*t + 10. Suppose -8 = 3*g - 4*c - 135, 0 = -o*g + c + 191. What is the highest common factor of 7 and g?
7
Let v be (6/9)/(-1) + 65/3. Let p(m) = -3 + 92*m**3 - 302*m**3 - m**2 + 4. Let y be p(-1). Calculate the highest common factor of y and v.
21
Let x(d) = 616*d - 2. Let h be x(-1). Let a = h - -1019. Suppose -5*z - 4*g + 395 = -9, -5*z = g - a. What is the highest common factor of 10 and z?
10
Let u = 159 + -71. Let p(x) = 10*x**2 - 7*x + 4. Let d be p(5). Suppose -12*b = -45 - d. Calculate the greatest common factor of b and u.
22
Let p = 229 + -162. Let a = p - 35. Calculate the greatest common divisor of a and 2.
2
Let a = 12 + -10. Suppose 0 = a*i + 5 - 19. What is the highest common factor of 14 and i?
7
Suppose 19*p = 3*n + 22*p - 78, 4*n = 3*p + 83. What is the greatest common factor of n and 1081?
23
Let d be (1 - 0)*(-63 - -415). Calculate the highest common factor of 32 and d.
32
Suppose 3*y - 381 = -3*m, 5*m = -y + 30 + 105. Let o be 48 + 1/((-4)/(-8)). What is the highest common factor of o and y?
25
Let n be (-8)/6*3/1. Let h be 1/n + (-21)/(-4). Suppose 0 = -z - 4*x + 33, -3*z + 3*x = -x - 147. Calculate the greatest common factor of h and z.
5
Let r(u) = -u**3 - 22*u**2 + 15*u + 2. Let h be r(-23). Suppose -4*s = -h - 38. Calculate the highest common divisor of s and 14.
14
Suppose 0 = -5*u + 3*k - k + 1536, -3*k = 5*u - 1546. What is the greatest common divisor of u and 28?
28
Suppose -y + 3*y = 8. Suppose 4 = -b, -8*z + 3*z - y*b + 834 = 0. Calculate the greatest common divisor of 68 and z.
34
Let p be ((-44)/3)/((-5)/30). Calculate the highest common factor of p and 99.
11
Suppose -40 = -5*h - 5*c, 4*h - 35 = -3*c - 2. Calculate the greatest common divisor of h and 216.
9
Let g(q) = -36*q + 447. Let b be g(11). What is the greatest common divisor of 2193 and b?
51
Suppose -2*s + z = -13, s + z = -z - 6. Suppose h + 3*k + 6 = 0, s*h = -3*k + 2*k + 9. What is the highest common factor of 12 and h?
3
Suppose 3*m + k = 6*m - 9, -2*k = -2*m + 10. Suppose 0 = 4*f + m*x - 248, f + x - 62 = 5*x. What is the greatest common divisor of f and 155?
31
Suppose -3*c = -4*g - 52, 66 = 4*c + 6*g - 8*g. Calculate the highest common divisor of 152 and c.
8
Let b(c) = 3*c - 16. Let i be b(7). Suppose 3*q + k - 65 = 0, i*q - 4*k - 85 = -k. Calculate the greatest common divisor of 10 and q.
10
Suppose -2*j = 4*m - 3*m - 47, -j - 5*m = -1. Let f = -1 + 14. What is the highest common factor of f and j?
13
Suppose -33*p - 292 = -424. What is the highest common factor of p and 9?
1
Let n(g) = g**2 - 5*g - 9. Let w be n(7). Let j = 487 - -320. Let m be (-8)/20 + j/w. What is the highest common divisor of m and 23?
23
Suppose -2*s + 105 + 9 = 0. Calculate the highest common divisor of s and 19.
19
Suppose -7*a - 92 = -183. Suppose 2*u = -0*u + 156. What is the highest common factor of u and a?
13
Let g be (-3 + 1)/((-30)/795). Calculate the greatest common factor of 318 and g.
53
Suppose 5*r - s - 9 = 0, -4*r - s = -3*r + 3. Suppose -o + r + 3 =